{"id":42076,"date":"2026-06-15T14:17:13","date_gmt":"2026-06-15T12:17:13","guid":{"rendered":"https:\/\/test.steinmuehle.de\/?post_type=event&#038;p=42076"},"modified":"2026-06-15T14:17:13","modified_gmt":"2026-06-15T12:17:13","slug":"22-06-26-um-18-uhr-sommerkonzert","status":"publish","type":"event","link":"https:\/\/steinmuehle.de\/zh-hans\/blog\/event\/22-06-26-um-18-uhr-sommerkonzert\/","title":{"rendered":"22.06.26 um 18 Uhr: Sommerkonzert"},"content":{"rendered":"<p><span data-olk-copy-source=\"MessageBody\">Beim allj\u00e4hrlichen Sommerkonzert kurz vor dem Start in die Sommerferien pr\u00e4sentieren Sch\u00fclerinnen und Sch\u00fcler aller Jahrgangsstufen die musikalischen F\u00e4higkeiten, die sie in den vergangenen Monaten und Jahren erworben haben. Freuen Sie sich auf erfrischende Beitr\u00e4ge und seien Sie mit allen Sinnen dabei!<\/span><\/p>\n","protected":false},"author":30,"featured_media":42077,"menu_order":0,"template":"","meta":{"_acf_changed":false},"event_cat":[83],"class_list":["post-42076","event","type-event","status-publish","has-post-thumbnail","hentry","event_cat-veranstaltungen"],"acf":[],"yoast_head":"<!-- This site is optimized with the Yoast SEO Premium plugin v28.1 (Yoast SEO v28.3) - https:\/\/yoast.com\/product\/yoast-seo-premium-wordpress\/ -->\n<title>22.06.26 um 18 Uhr: Sommerkonzert - Steinm\u00fchle \u2013 Schule &amp; Internat<\/title>\n<meta name=\"robots\" content=\"index, follow, max-snippet:-1, max-image-preview:large, max-video-preview:-1\" \/>\n<link rel=\"canonical\" href=\"https:\/\/steinmuehle.de\/zh-hans\/blog\/event\/22-06-26-um-18-uhr-sommerkonzert\/\" \/>\n<meta property=\"og:locale\" content=\"zh_CN\" \/>\n<meta property=\"og:type\" content=\"article\" \/>\n<meta property=\"og:title\" content=\"22.06.26 um 18 Uhr: Sommerkonzert\" \/>\n<meta property=\"og:description\" content=\"Beim allj\u00e4hrlichen Sommerkonzert kurz vor dem Start in [&hellip;]\" \/>\n<meta property=\"og:url\" content=\"https:\/\/steinmuehle.de\/zh-hans\/blog\/event\/22-06-26-um-18-uhr-sommerkonzert\/\" \/>\n<meta property=\"og:site_name\" content=\"Steinm\u00fchle \u2013 Schule &amp; Internat\" \/>\n<meta property=\"article:publisher\" content=\"https:\/\/www.facebook.com\/steinmuehle\/\" \/>\n<meta property=\"og:image\" content=\"https:\/\/steinmuehle.de\/wp-content\/uploads\/sites\/5\/2026\/06\/Sommerkonzert.jpg\" \/>\n\t<meta property=\"og:image:width\" content=\"1000\" \/>\n\t<meta property=\"og:image:height\" content=\"568\" \/>\n\t<meta property=\"og:image:type\" content=\"image\/jpeg\" \/>\n<meta name=\"twitter:card\" content=\"summary_large_image\" \/>\n<script type=\"application\/ld+json\" class=\"yoast-schema-graph\">{\"@context\":\"https:\\\/\\\/schema.org\",\"@graph\":[{\"@type\":\"WebPage\",\"@id\":\"https:\\\/\\\/steinmuehle.de\\\/zh-hans\\\/blog\\\/event\\\/22-06-26-um-18-uhr-sommerkonzert\\\/\",\"url\":\"https:\\\/\\\/steinmuehle.de\\\/zh-hans\\\/blog\\\/event\\\/22-06-26-um-18-uhr-sommerkonzert\\\/\",\"name\":\"22.06.26 um 18 Uhr: Sommerkonzert - Steinm\u00fchle \u2013 Schule &amp; Internat\",\"isPartOf\":{\"@id\":\"https:\\\/\\\/steinmuehle.de\\\/zh-hans\\\/#website\"},\"primaryImageOfPage\":{\"@id\":\"https:\\\/\\\/steinmuehle.de\\\/zh-hans\\\/blog\\\/event\\\/22-06-26-um-18-uhr-sommerkonzert\\\/#primaryimage\"},\"image\":{\"@id\":\"https:\\\/\\\/steinmuehle.de\\\/zh-hans\\\/blog\\\/event\\\/22-06-26-um-18-uhr-sommerkonzert\\\/#primaryimage\"},\"thumbnailUrl\":\"https:\\\/\\\/steinmuehle.de\\\/wp-content\\\/uploads\\\/sites\\\/5\\\/2026\\\/06\\\/Sommerkonzert.jpg\",\"datePublished\":\"2026-06-15T12:17:13+00:00\",\"breadcrumb\":{\"@id\":\"https:\\\/\\\/steinmuehle.de\\\/zh-hans\\\/blog\\\/event\\\/22-06-26-um-18-uhr-sommerkonzert\\\/#breadcrumb\"},\"inLanguage\":\"zh-Hans\",\"potentialAction\":[{\"@type\":\"ReadAction\",\"target\":[\"https:\\\/\\\/steinmuehle.de\\\/zh-hans\\\/blog\\\/event\\\/22-06-26-um-18-uhr-sommerkonzert\\\/\"]}]},{\"@type\":\"ImageObject\",\"inLanguage\":\"zh-Hans\",\"@id\":\"https:\\\/\\\/steinmuehle.de\\\/zh-hans\\\/blog\\\/event\\\/22-06-26-um-18-uhr-sommerkonzert\\\/#primaryimage\",\"url\":\"https:\\\/\\\/steinmuehle.de\\\/wp-content\\\/uploads\\\/sites\\\/5\\\/2026\\\/06\\\/Sommerkonzert.jpg\",\"contentUrl\":\"https:\\\/\\\/steinmuehle.de\\\/wp-content\\\/uploads\\\/sites\\\/5\\\/2026\\\/06\\\/Sommerkonzert.jpg\",\"width\":1000,\"height\":568},{\"@type\":\"BreadcrumbList\",\"@id\":\"https:\\\/\\\/steinmuehle.de\\\/zh-hans\\\/blog\\\/event\\\/22-06-26-um-18-uhr-sommerkonzert\\\/#breadcrumb\",\"itemListElement\":[{\"@type\":\"ListItem\",\"position\":1,\"name\":\"Start\",\"item\":\"https:\\\/\\\/steinmuehle.de\\\/zh-hans\\\/%e9%a6%96%e9%a1%b5\\\/\"},{\"@type\":\"ListItem\",\"position\":2,\"name\":\"Events\",\"item\":\"https:\\\/\\\/steinmuehle.de\\\/zh-hans\\\/blog\\\/event\\\/\"},{\"@type\":\"ListItem\",\"position\":3,\"name\":\"22.06.26 um 18 Uhr: Sommerkonzert\"}]},{\"@type\":\"WebSite\",\"@id\":\"https:\\\/\\\/steinmuehle.de\\\/zh-hans\\\/#website\",\"url\":\"https:\\\/\\\/steinmuehle.de\\\/zh-hans\\\/\",\"name\":\"Steinm\u00fchle \u2013 Schule & Internat\",\"description\":\"\",\"publisher\":{\"@id\":\"https:\\\/\\\/steinmuehle.de\\\/zh-hans\\\/#organization\"},\"potentialAction\":[{\"@type\":\"SearchAction\",\"target\":{\"@type\":\"EntryPoint\",\"urlTemplate\":\"https:\\\/\\\/steinmuehle.de\\\/zh-hans\\\/?s={search_term_string}\"},\"query-input\":{\"@type\":\"PropertyValueSpecification\",\"valueRequired\":true,\"valueName\":\"search_term_string\"}}],\"inLanguage\":\"zh-Hans\"},{\"@type\":\"Organization\",\"@id\":\"https:\\\/\\\/steinmuehle.de\\\/zh-hans\\\/#organization\",\"name\":\"Steinm\u00fchle \u2013 Schule & Internat\",\"url\":\"https:\\\/\\\/steinmuehle.de\\\/zh-hans\\\/\",\"logo\":{\"@type\":\"ImageObject\",\"inLanguage\":\"zh-Hans\",\"@id\":\"https:\\\/\\\/steinmuehle.de\\\/zh-hans\\\/#\\\/schema\\\/logo\\\/image\\\/\",\"url\":\"https:\\\/\\\/steinmuehle.de\\\/wp-content\\\/uploads\\\/sites\\\/5\\\/2025\\\/11\\\/Logo_SchuleInternat_Steinmuehle_2026_3.png\",\"contentUrl\":\"https:\\\/\\\/steinmuehle.de\\\/wp-content\\\/uploads\\\/sites\\\/5\\\/2025\\\/11\\\/Logo_SchuleInternat_Steinmuehle_2026_3.png\",\"width\":450,\"height\":165,\"caption\":\"Steinm\u00fchle \u2013 Schule & Internat\"},\"image\":{\"@id\":\"https:\\\/\\\/steinmuehle.de\\\/zh-hans\\\/#\\\/schema\\\/logo\\\/image\\\/\"},\"sameAs\":[\"https:\\\/\\\/www.facebook.com\\\/steinmuehle\\\/\",\"https:\\\/\\\/www.instagram.com\\\/steinmuehle\\\/\",\"https:\\\/\\\/www.linkedin.com\\\/school\\\/steinmuehle\\\/\"]}]}<\/script>\n<!-- \/ Yoast SEO Premium plugin. -->","yoast_head_json":{"title":"22.06.26 um 18 Uhr: Sommerkonzert - Steinm\u00fchle \u2013 Schule &amp; Internat","robots":{"index":"index","follow":"follow","max-snippet":"max-snippet:-1","max-image-preview":"max-image-preview:large","max-video-preview":"max-video-preview:-1"},"canonical":"https:\/\/steinmuehle.de\/zh-hans\/blog\/event\/22-06-26-um-18-uhr-sommerkonzert\/","og_locale":"zh_CN","og_type":"article","og_title":"22.06.26 um 18 Uhr: Sommerkonzert","og_description":"Beim allj\u00e4hrlichen Sommerkonzert kurz vor dem Start in [&hellip;]","og_url":"https:\/\/steinmuehle.de\/zh-hans\/blog\/event\/22-06-26-um-18-uhr-sommerkonzert\/","og_site_name":"Steinm\u00fchle \u2013 Schule &amp; Internat","article_publisher":"https:\/\/www.facebook.com\/steinmuehle\/","og_image":[{"width":1000,"height":568,"url":"https:\/\/steinmuehle.de\/wp-content\/uploads\/sites\/5\/2026\/06\/Sommerkonzert.jpg","type":"image\/jpeg"}],"twitter_card":"summary_large_image","schema":{"@context":"https:\/\/schema.org","@graph":[{"@type":"WebPage","@id":"https:\/\/steinmuehle.de\/zh-hans\/blog\/event\/22-06-26-um-18-uhr-sommerkonzert\/","url":"https:\/\/steinmuehle.de\/zh-hans\/blog\/event\/22-06-26-um-18-uhr-sommerkonzert\/","name":"22.06.26 um 18 Uhr: Sommerkonzert - Steinm\u00fchle \u2013 Schule &amp; Internat","isPartOf":{"@id":"https:\/\/steinmuehle.de\/zh-hans\/#website"},"primaryImageOfPage":{"@id":"https:\/\/steinmuehle.de\/zh-hans\/blog\/event\/22-06-26-um-18-uhr-sommerkonzert\/#primaryimage"},"image":{"@id":"https:\/\/steinmuehle.de\/zh-hans\/blog\/event\/22-06-26-um-18-uhr-sommerkonzert\/#primaryimage"},"thumbnailUrl":"https:\/\/steinmuehle.de\/wp-content\/uploads\/sites\/5\/2026\/06\/Sommerkonzert.jpg","datePublished":"2026-06-15T12:17:13+00:00","breadcrumb":{"@id":"https:\/\/steinmuehle.de\/zh-hans\/blog\/event\/22-06-26-um-18-uhr-sommerkonzert\/#breadcrumb"},"inLanguage":"zh-Hans","potentialAction":[{"@type":"ReadAction","target":["https:\/\/steinmuehle.de\/zh-hans\/blog\/event\/22-06-26-um-18-uhr-sommerkonzert\/"]}]},{"@type":"ImageObject","inLanguage":"zh-Hans","@id":"https:\/\/steinmuehle.de\/zh-hans\/blog\/event\/22-06-26-um-18-uhr-sommerkonzert\/#primaryimage","url":"https:\/\/steinmuehle.de\/wp-content\/uploads\/sites\/5\/2026\/06\/Sommerkonzert.jpg","contentUrl":"https:\/\/steinmuehle.de\/wp-content\/uploads\/sites\/5\/2026\/06\/Sommerkonzert.jpg","width":1000,"height":568},{"@type":"BreadcrumbList","@id":"https:\/\/steinmuehle.de\/zh-hans\/blog\/event\/22-06-26-um-18-uhr-sommerkonzert\/#breadcrumb","itemListElement":[{"@type":"ListItem","position":1,"name":"Start","item":"https:\/\/steinmuehle.de\/zh-hans\/%e9%a6%96%e9%a1%b5\/"},{"@type":"ListItem","position":2,"name":"Events","item":"https:\/\/steinmuehle.de\/zh-hans\/blog\/event\/"},{"@type":"ListItem","position":3,"name":"22.06.26 um 18 Uhr: Sommerkonzert"}]},{"@type":"WebSite","@id":"https:\/\/steinmuehle.de\/zh-hans\/#website","url":"https:\/\/steinmuehle.de\/zh-hans\/","name":"Steinm\u00fchle \u2013 Schule & Internat","description":"","publisher":{"@id":"https:\/\/steinmuehle.de\/zh-hans\/#organization"},"potentialAction":[{"@type":"SearchAction","target":{"@type":"EntryPoint","urlTemplate":"https:\/\/steinmuehle.de\/zh-hans\/?s={search_term_string}"},"query-input":{"@type":"PropertyValueSpecification","valueRequired":true,"valueName":"search_term_string"}}],"inLanguage":"zh-Hans"},{"@type":"Organization","@id":"https:\/\/steinmuehle.de\/zh-hans\/#organization","name":"Steinm\u00fchle \u2013 Schule & Internat","url":"https:\/\/steinmuehle.de\/zh-hans\/","logo":{"@type":"ImageObject","inLanguage":"zh-Hans","@id":"https:\/\/steinmuehle.de\/zh-hans\/#\/schema\/logo\/image\/","url":"https:\/\/steinmuehle.de\/wp-content\/uploads\/sites\/5\/2025\/11\/Logo_SchuleInternat_Steinmuehle_2026_3.png","contentUrl":"https:\/\/steinmuehle.de\/wp-content\/uploads\/sites\/5\/2025\/11\/Logo_SchuleInternat_Steinmuehle_2026_3.png","width":450,"height":165,"caption":"Steinm\u00fchle \u2013 Schule & Internat"},"image":{"@id":"https:\/\/steinmuehle.de\/zh-hans\/#\/schema\/logo\/image\/"},"sameAs":["https:\/\/www.facebook.com\/steinmuehle\/","https:\/\/www.instagram.com\/steinmuehle\/","https:\/\/www.linkedin.com\/school\/steinmuehle\/"]}]}},"_links":{"self":[{"href":"https:\/\/steinmuehle.de\/zh-hans\/wp-json\/wp\/v2\/event\/42076","targetHints":{"allow":["GET"]}}],"collection":[{"href":"https:\/\/steinmuehle.de\/zh-hans\/wp-json\/wp\/v2\/event"}],"about":[{"href":"https:\/\/steinmuehle.de\/zh-hans\/wp-json\/wp\/v2\/types\/event"}],"author":[{"embeddable":true,"href":"https:\/\/steinmuehle.de\/zh-hans\/wp-json\/wp\/v2\/users\/30"}],"wp:featuredmedia":[{"embeddable":true,"href":"https:\/\/steinmuehle.de\/zh-hans\/wp-json\/wp\/v2\/media\/42077"}],"wp:attachment":[{"href":"https:\/\/steinmuehle.de\/zh-hans\/wp-json\/wp\/v2\/media?parent=42076"}],"wp:term":[{"taxonomy":"event_cat","embeddable":true,"href":"https:\/\/steinmuehle.de\/zh-hans\/wp-json\/wp\/v2\/event_cat?post=42076"}],"curies":[{"name":"wp","href":"https:\/\/api.w.org\/{rel}","templated":true}]}}

<p><span data-olk-copy-source="MessageBody">Beim alljährlichen Sommerkonzert kurz vor dem Start in die Sommerferien präsentieren Schülerinnen und Schüler aller Jahrgangsstufen die musikalischen Fähigkeiten, die sie in den vergangenen Monaten und Jahren erworben haben. Freuen Sie sich auf erfrischende Beiträge und seien Sie mit allen Sinnen dabei!</span></p>

<!-- This site is optimized with the Yoast SEO Premium plugin v28.1 (Yoast SEO v28.3) - https://yoast.com/product/yoast-seo-premium-wordpress/ -->
<title>22.06.26 um 18 Uhr: Sommerkonzert - Steinmühle – Schule &amp; Internat</title>
<meta name="robots" content="index, follow, max-snippet:-1, max-image-preview:large, max-video-preview:-1" />
<link rel="canonical" href="https://steinmuehle.de/zh-hans/blog/event/22-06-26-um-18-uhr-sommerkonzert/" />
<meta property="og:locale" content="zh_CN" />
<meta property="og:type" content="article" />
<meta property="og:title" content="22.06.26 um 18 Uhr: Sommerkonzert" />
<meta property="og:description" content="Beim alljährlichen Sommerkonzert kurz vor dem Start in [&hellip;]" />
<meta property="og:url" content="https://steinmuehle.de/zh-hans/blog/event/22-06-26-um-18-uhr-sommerkonzert/" />
<meta property="og:site_name" content="Steinmühle – Schule &amp; Internat" />
<meta property="article:publisher" content="https://www.facebook.com/steinmuehle/" />
<meta property="og:image" content="https://steinmuehle.de/wp-content/uploads/sites/5/2026/06/Sommerkonzert.jpg" />
	<meta property="og:image:width" content="1000" />
	<meta property="og:image:height" content="568" />
	<meta property="og:image:type" content="image/jpeg" />
<meta name="twitter:card" content="summary_large_image" />
<script type="application/ld+json" class="yoast-schema-graph">{"@context":"https:\/\/schema.org","@graph":[{"@type":"WebPage","@id":"https:\/\/steinmuehle.de\/zh-hans\/blog\/event\/22-06-26-um-18-uhr-sommerkonzert\/","url":"https:\/\/steinmuehle.de\/zh-hans\/blog\/event\/22-06-26-um-18-uhr-sommerkonzert\/","name":"22.06.26 um 18 Uhr: Sommerkonzert - Steinmühle – Schule &amp; Internat","isPartOf":{"@id":"https:\/\/steinmuehle.de\/zh-hans\/#website"},"primaryImageOfPage":{"@id":"https:\/\/steinmuehle.de\/zh-hans\/blog\/event\/22-06-26-um-18-uhr-sommerkonzert\/#primaryimage"},"image":{"@id":"https:\/\/steinmuehle.de\/zh-hans\/blog\/event\/22-06-26-um-18-uhr-sommerkonzert\/#primaryimage"},"thumbnailUrl":"https:\/\/steinmuehle.de\/wp-content\/uploads\/sites\/5\/2026\/06\/Sommerkonzert.jpg","datePublished":"2026-06-15T12:17:13+00:00","breadcrumb":{"@id":"https:\/\/steinmuehle.de\/zh-hans\/blog\/event\/22-06-26-um-18-uhr-sommerkonzert\/#breadcrumb"},"inLanguage":"zh-Hans","potentialAction":[{"@type":"ReadAction","target":["https:\/\/steinmuehle.de\/zh-hans\/blog\/event\/22-06-26-um-18-uhr-sommerkonzert\/"]}]},{"@type":"ImageObject","inLanguage":"zh-Hans","@id":"https:\/\/steinmuehle.de\/zh-hans\/blog\/event\/22-06-26-um-18-uhr-sommerkonzert\/#primaryimage","url":"https:\/\/steinmuehle.de\/wp-content\/uploads\/sites\/5\/2026\/06\/Sommerkonzert.jpg","contentUrl":"https:\/\/steinmuehle.de\/wp-content\/uploads\/sites\/5\/2026\/06\/Sommerkonzert.jpg","width":1000,"height":568},{"@type":"BreadcrumbList","@id":"https:\/\/steinmuehle.de\/zh-hans\/blog\/event\/22-06-26-um-18-uhr-sommerkonzert\/#breadcrumb","itemListElement":[{"@type":"ListItem","position":1,"name":"Start","item":"https:\/\/steinmuehle.de\/zh-hans\/%e9%a6%96%e9%a1%b5\/"},{"@type":"ListItem","position":2,"name":"Events","item":"https:\/\/steinmuehle.de\/zh-hans\/blog\/event\/"},{"@type":"ListItem","position":3,"name":"22.06.26 um 18 Uhr: Sommerkonzert"}]},{"@type":"WebSite","@id":"https:\/\/steinmuehle.de\/zh-hans\/#website","url":"https:\/\/steinmuehle.de\/zh-hans\/","name":"Steinmühle – Schule & Internat","description":"","publisher":{"@id":"https:\/\/steinmuehle.de\/zh-hans\/#organization"},"potentialAction":[{"@type":"SearchAction","target":{"@type":"EntryPoint","urlTemplate":"https:\/\/steinmuehle.de\/zh-hans\/?s={search_term_string}"},"query-input":{"@type":"PropertyValueSpecification","valueRequired":true,"valueName":"search_term_string"}}],"inLanguage":"zh-Hans"},{"@type":"Organization","@id":"https:\/\/steinmuehle.de\/zh-hans\/#organization","name":"Steinmühle – Schule & Internat","url":"https:\/\/steinmuehle.de\/zh-hans\/","logo":{"@type":"ImageObject","inLanguage":"zh-Hans","@id":"https:\/\/steinmuehle.de\/zh-hans\/#\/schema\/logo\/image\/","url":"https:\/\/steinmuehle.de\/wp-content\/uploads\/sites\/5\/2025\/11\/Logo_SchuleInternat_Steinmuehle_2026_3.png","contentUrl":"https:\/\/steinmuehle.de\/wp-content\/uploads\/sites\/5\/2025\/11\/Logo_SchuleInternat_Steinmuehle_2026_3.png","width":450,"height":165,"caption":"Steinmühle – Schule & Internat"},"image":{"@id":"https:\/\/steinmuehle.de\/zh-hans\/#\/schema\/logo\/image\/"},"sameAs":["https:\/\/www.facebook.com\/steinmuehle\/","https:\/\/www.instagram.com\/steinmuehle\/","https:\/\/www.linkedin.com\/school\/steinmuehle\/"]}]}</script>
<!-- / Yoast SEO Premium plugin. -->

22.06.26 um 18 Uhr: Sommerkonzert - Steinmühle – Schule &amp; Internat

Beim alljährlichen Sommerkonzert kurz vor dem Start in [&hellip;]

Steinmühle – Schule &amp; Internat

Steinmühle – Schule & Internat
